List the prime factors of 284163.
3, 11, 79, 109
List the prime factors of 748994.
2, 197, 1901
What are the prime factors of 5734052?
2, 1433513
What are the prime factors of 6137719?
7, 876817
What are the prime factors of 155729?
7, 22247
What are the prime factors of 1156388?
2, 47, 6151
What are the prime factors of 17226682?
2, 11, 37, 21163
List the prime factors of 487153.
619, 787
What are the prime factors of 7049944?
2, 11, 7283
What are the prime factors of 6274?
2, 3137
List the prime factors of 16466166.
2, 3, 17, 1993
List the prime factors of 1728142.
2, 13, 66467
What are the prime factors of 749004?
2, 3, 62417
What are the prime factors of 15724401?
3, 7, 11, 68071
List the prime factors of 15964344.
2, 3, 11, 6719
List the prime factors of 1101178.
2, 13, 41, 1033
List the prime factors of 628604.
2, 29, 5419
List the prime factors of 585335.
5, 167, 701
List the prime factors of 13203718.
2, 11, 600169
What are the prime factors of 142331?
7, 20333
What are the prime factors of 2426640?
2, 3, 5, 10111
What are the prime factors of 1295246?
2, 43, 15061
What are the prime factors of 16679?
13, 1283
What are the prime factors of 916815?
3, 5, 61121
List the prime factors of 1831442.
2, 89, 10289
What are the prime factors of 445846?
2, 29, 7687
List the prime factors of 404455.
5, 23, 3517
What are the prime factors of 786057?
3, 59, 4441
What are the prime factors of 1799170?
2, 5, 179917
List the prime factors of 3607165.
5, 29, 24877
List the prime factors of 72310.
2, 5, 7, 1033
List the prime factors of 3367796.
2, 719, 1171
List the prime factors of 2329430.
2, 5, 73, 3191
What are the prime factors of 6193604?
2, 1548401
List the prime factors of 7743874.
2, 17, 421, 541
List the prime factors of 342655.
5, 68531
List the prime factors of 266622.
2, 3, 37, 1201
What are the prime factors of 10053265?
5, 2010653
What are the prime factors of 8189876?
2, 37, 55337
What are the prime factors of 113161?
113161
What are the prime factors of 844963?
7, 120709
What are the prime factors of 1908239?
1908239
List the prime factors of 298434.
2, 3, 49739
What are the prime factors of 247552?
2, 967
List the prime factors of 360224.
2, 11257
What are the prime factors of 10789815?
3, 5, 17, 19, 131
List the prime factors of 8362226.
2, 113, 163, 227
List the prime factors of 13149644.
2, 29, 113359
What are the prime factors of 1683578?
2, 13, 17, 293
What are the prime factors of 2928879?
3, 17, 709
List the prime factors of 290612.
2, 7, 97, 107
What are the prime factors of 239921?
11, 17, 1283
List the prime factors of 1445867.
17, 5003
What are the prime factors of 689041?
689041
What are the prime factors of 6291057?
3, 29, 167, 433
List the prime factors of 275613.
3, 13, 37, 191
List the prime factors of 143199.
3, 7, 2273
What are the prime factors of 200910?
2, 3, 5, 37, 181
List the prime factors of 98361.
3, 3643
List the prime factors of 303168.
2, 3, 1579
List the prime factors of 7096408.
2, 11, 7331
List the prime factors of 144194.
2, 17, 4241
List the prime factors of 80247.
3, 23, 1163
List the prime factors of 427055.
5, 85411
What are the prime factors of 35992779?
3, 11997593
List the prime factors of 162226.
2, 29, 2797
What are the prime factors of 1554840?
2, 3, 5, 7, 617
List the prime factors of 420499.
420499
List the prime factors of 1787612.
2, 79, 5657
List the prime factors of 161775.
3, 5, 719
What are the prime factors of 303881?
37, 43, 191
List the prime factors of 2906617.
7, 415231
List the prime factors of 134647.
29, 4643
What are the prime factors of 1938181?
7, 276883
What are the prime factors of 27887?
79, 353
List the prime factors of 105985.
5, 11, 41, 47
What are the prime factors of 2335544?
2, 29, 10067
List the prime factors of 6208227.
3, 689803
List the prime factors of 709701.
3, 181, 1307
List the prime factors of 2553023.
11, 23, 10091
What are the prime factors of 3028091?
11, 17, 16193
What are the prime factors of 2256406?
2, 317, 3559
List the prime factors of 734955.
3, 5, 13, 3769
What are the prime factors of 2001547?
2001547
List the prime factors of 341989.
17, 20117
What are the prime factors of 3970195?
5, 794039
What are the prime factors of 12353336?
2, 1544167
What are the prime factors of 25295771?
25295771
List the prime factors of 10013606.
2, 37, 135319
What are the prime factors of 7030929?
3, 2343643
What are the prime factors of 357476?
2, 7, 17, 751
List the prime factors of 8410000.
2, 5, 29
List the prime factors of 902605.
5, 11, 16411
List the prime factors of 17611.
11, 1601
List the prime factors of 1312840.
2, 5, 23, 1427
What are the prime factors of 142362?
2, 3, 11, 719
List the prime factors of 327537.
3, 7, 1733
What are the prime factors of 247264?
2, 7727
List the prime factors of 158331.
3, 89, 593
List the prime factors of 203650.
2, 5, 4073
What are the prime factors of 11756824?
2, 37, 39719
What are the prime factors of 74125?
5, 593
What are the prime factors of 738544?
2, 31, 1489
What are the prime factors of 454223?
7, 11, 17, 347
List the prime factors of 5412580.
2, 5, 277, 977
List the prime factors of 10349621.
10349621
List the prime factors of 194940.
2, 3, 5, 19
List the prime factors of 1891299.
3, 630433
List the prime factors of 2190460.
2, 5, 31, 3533
What are the prime factors of 372996?
2, 3, 13, 797
List the prime factors of 157062.
2, 3, 26177
List the prime factors of 3018925.
5, 7, 13, 1327
What are the prime factors of 4006187?
107, 37441
List the prime factors of 389406.
2, 3, 64901
List the prime factors of 933839.
933839
List the prime factors of 12956744.
2, 1619593
List the prime factors of 713385.
3, 5, 83, 191
What are the prime factors of 11865830?
2, 5, 17, 223, 313
List the prime factors of 40834.
2, 17, 1201
What are the prime factors of 177943?
177943
List the prime factors of 246676.
2, 83, 743
List the prime factors of 1125756.
2, 3, 31271
What are the prime factors of 395284?
2, 17, 5813
List the prime factors of 2668834.
2, 7, 113, 241
List the prime factors of 581451.
3, 13, 17, 877
List the prime factors of 5330853.
3, 11, 31, 193
What are the prime factors of 187031?
13, 14387
What are the prime factors of 257635?
5, 7, 17, 433
What are the prime factors of 149770?
2, 5, 17, 881
What are the prime factors of 142967?
11, 41, 317
List the prime factors of 3617835.
3, 5, 13, 18553
What are the prime factors of 15574470?
2, 3, 5, 227, 2287
List the prime factors of 938806.
2, 11, 139, 307
List the prime factors of 18938828.
2, 73, 79, 821
List the prime factors of 14871990.
2, 3, 5, 7, 67, 151
What are the prime factors of 167199?
3, 55733
List the prime factors of 6087787.
6087787
What are the prime factors of 1120455?
3, 5, 7, 3557
List the prime factors of 5218655.
5, 13, 80287
List the prime factors of 1045819.
1045819
List the prime factors of 858826.
2, 429413
List the prime factors of 526929.
3, 13, 59, 229
What are the prime factors of 26289413?
373, 70481
List the prime factors of 1556868.
2, 3, 137, 947
What are the prime factors of 196330?
2, 5, 29, 677
List the prime factors of 11470970.
2, 5, 7, 163871
List the prime factors of 4714326.
2, 3, 181, 1447
List the prime factors of 11064622.
2, 5532311
List the prime factors of 116054.
2, 58027
What are the prime factors of 307808?
2, 9619
List the prime factors of 924471.
3, 59, 1741
List the prime factors of 746264.
2, 93283
What are the prime factors of 13181371?
7, 1883053
What are the prime factors of 93927?
3, 131, 239
List the prime factors of 1622773.
1622773
What are the prime factors of 3840518?
2, 11, 174569
What are the prime factors of 1029709?
181, 5689
What are the prime factors of 6923996?
2, 1730999
What are the prime factors of 211024?
2, 11, 109
List the prime factors of 2859286.
2, 37, 38639
What are the prime factors of 9791610?
2, 3, 5, 71, 4597
What are the prime factors of 1237897?
1237897
List the prime factors of 271247.
37, 7331
What are the prime factors of 15058717?
15058717
List the prime factors of 61728.
2, 3, 643
What are the prime factors of 1040566?
2, 23, 22621
List the prime factors of 212995.
5, 41, 1039
What are the prime factors of 464928?
2, 3, 29, 167
List the prime factors of 5396349.
3, 7, 2